570.
2, 5, 7591657
What are the prime factors of 51067584?
2, 3, 9851
List the prime factors of 1458034931.
29537, 49363
List the prime factors of 602111805.
3, 5, 19, 599, 3527
List the prime factors of 4029975466.
2, 11, 183180703
What are the prime factors of 6215262?
2, 3, 251, 4127
What are the prime factors of 502015739?
19, 971, 27211
List the prime factors of 17941303.
17941303
List the prime factors of 7404866111.
7404866111
List the prime factors of 721393346.
2, 257, 1403489
List the prime factors of 57079193.
57079193
List the prime factors of 41731288.
2, 5216411
What are the prime factors of 16447519?
11, 41, 36469
What are the prime factors of 7776357574?
2, 79, 127, 191, 2029
What are the prime factors of 188244734?
2, 127, 741121
What are the prime factors of 385350266?
2, 7, 1093, 25183
List the prime factors of 188930778.
2, 3, 31488463
What are the prime factors of 258998736?
2, 3, 313, 17239
What are the prime factors of 163748000?
2, 5, 13, 47, 67
What are the prime factors of 4952941336?
2, 7, 83, 151, 7057
What are the prime factors of 854564803?
854564803
List the prime factors of 49677842.
2, 17, 89, 16417
List the prime factors of 495477354.
2, 3, 29, 1201, 2371
List the prime factors of 4660306620.
2, 3, 5, 47, 1652591
List the prime factors of 777367586.
2, 388683793
List the prime factors of 319687098.
2, 3, 167, 319049
List the prime factors of 212946012.
2, 3, 17, 347951
What are the prime factors of 22438533?
3, 13, 499, 1153
What are the prime factors of 3352425208?
2, 11, 19, 2005039
List the prime factors of 41873953.
11, 491, 7753
What are the prime factors of 796542760?
2, 5, 13, 1531813
List the prime factors of 26972229.
3, 19, 473197
What are the prime factors of 324558144?
2, 3, 187823
What are the prime factors of 61435175?
5, 43, 57149
List the prime factors of 1982317685.
5, 2017, 196561
List the prime factors of 84145970.
2, 5, 67, 125591
List the prime factors of 2719211507.
11351, 239557
List the prime factors of 346653579.
3, 17, 6797129
What are the prime factors of 821582675?
5, 461, 71287
What are the prime factors of 4581304196?
2, 7, 3339143
List the prime factors of 2519957112.
2, 3, 1867, 56239
What are the prime factors of 82228694?
2, 17, 19, 127289
List the prime factors of 82488873.
3, 37, 743143
What are the prime factors of 56639866?
2, 28319933
What are the prime factors of 876443560?
2, 5, 1709, 12821
List the prime factors of 42460472.
2, 1063, 4993
What are the prime factors of 67167659?
13, 23, 9767
List the prime factors of 9400190263.
199, 1871, 25247
What are the prime factors of 35735767?
23, 1553729
List the prime factors of 59936908.
2, 14984227
List the prime factors of 20411765.
5, 11, 131, 2833
What are the prime factors of 20746488?
2, 3, 7, 123491
List the prime factors of 413654476.
2, 103413619
What are the prime factors of 10189443?
3, 11, 17, 41, 443
List the prime factors of 1381299783.
3, 29, 239, 66431
List the prime factors of 136032426.
2, 3, 1091, 2309
What are the prime factors of 346653331?
157, 2207983
List the prime factors of 336035856.
2, 3, 13, 538519
List the prime factors of 67428504.
2, 3, 11, 13, 37, 59
List the prime factors of 45514768.
2, 13, 127, 1723
List the prime factors of 15055237.
15055237
List the prime factors of 109585090.
2, 5, 10958509
What are the prime factors of 7463264?
2, 59, 67
List the prime factors of 1533557963.
7, 19, 151, 4019
What are the prime factors of 41447656?
2, 23, 89, 2531
List the prime factors of 8279055.
3, 5, 183979
List the prime factors of 6063319869.
3, 23, 1277, 68813
What are the prime factors of 60531707?
941, 64327
What are the prime factors of 4336953168?
2, 3, 43, 2101237
List the prime factors of 3113721103.
127, 24517489
What are the prime factors of 507457396?
2, 19, 6677071
List the prime factors of 158825173.
13, 47, 259943
What are the prime factors of 893261632?
2, 13957213
What are the prime factors of 3521048016?
2, 3, 73355167
List the prime factors of 49229197.
5737, 8581
List the prime factors of 764598926.
2, 7, 13, 461, 701
List the prime factors of 1698169599.
3, 7, 179, 150587
List the prime factors of 8740857141.
3, 23, 431, 97973
List the prime factors of 66392092.
2, 13, 1276771
What are the prime factors of 6424837297?
233, 5113, 5393
What are the prime factors of 75558474?
2, 3, 1399231
What are the prime factors of 31478944?
2, 7, 89, 1579
What are the prime factors of 1972171534?
2, 986085767
What are the prime factors of 439631901?
3, 16282663
List the prime factors of 119982126.
2, 3, 11, 43, 67, 631
List the prime factors of 4242616058.
2, 19, 111647791
What are the prime factors of 1602535664?
2, 100158479
What are the prime factors of 87051460?
2, 5, 4352573
What are the prime factors of 80272434?
2, 3, 11, 1216249
What are the prime factors of 266506558?
2, 157, 848747
What are the prime factors of 98100393?
3, 73, 103, 4349
List the prime factors of 161391021.
3, 11, 4890637
List the prime factors of 141264607.
11, 12842237
What are the prime factors of 30490594?
2, 23, 662839
What are the prime factors of 328287311?
11, 1667, 17903
List the prime factors of 35173946.
2, 23, 97, 7883
What are the prime factors of 566910438?
2, 3, 6551, 14423
What are the prime factors of 260762007?
3, 11, 61, 129539
What are the prime factors of 169004774?
2, 2221, 38047
List the prime factors of 1181120124.
2, 3, 98426677
List the prime factors of 32473557.
3, 43, 83911
What are the prime factors of 89009345?
5, 89, 139, 1439
List the prime factors of 115935710.
2, 5, 11, 227, 4643
What are the prime factors of 239050624?
2, 83, 22501
What are the prime factors of 4210289443?
431, 911, 10723
What are the prime factors of 65327573?
59, 293, 3779
What are the prime factors of 2853227882?
2, 157, 9086713
List the prime factors of 28242635.
5, 5648527
What are the prime factors of 3790644398?
2, 23, 227, 363019
List the prime factors of 57188811.
3, 79, 241303
What are the prime factors of 6715945623?
3, 2238648541
What are the prime factors of 766703279?
766703279
List the prime factors of 2516125164.
2, 3, 7, 73, 181, 2267
What are the prime factors of 11138564?
2, 839, 3319
What are the prime factors of 5649940225?
5, 17, 19, 23, 29, 1049
List the prime factors of 9843636.
2, 3, 11, 74573
What are the prime factors of 3667275?
3, 5, 1811
What are the prime factors of 19612648?
2, 11, 20261
What are the prime factors of 5425189176?
2, 3, 11, 20549959
List the prime factors of 5243706303.
3, 11, 331, 480061
List the prime factors of 286553121.
3, 293, 325999
List the prime factors of 42986904.
2, 3, 1791121
List the prime factors of 26469968.
2, 7, 236339
List the prime factors of 509587305.
3, 5, 33972487
List the prime factors of 964974750.
2, 3, 5, 1286633
List the prime factors of 15902284.
2, 467, 8513
What are the prime factors of 69174978?
2, 3, 37, 463, 673
What are the prime factors of 24649104?
2, 3, 37, 13879
What are the prime factors of 21514741?
17, 1265573
What are the prime factors of 1987963282?
2, 29, 61, 239, 2351
What are the prime factors of 184610557?
503, 367019
List the prime factors of 739272361.
739272361
What are the prime factors of 2340147210?
2, 3, 5, 78004907
List the prime factors of 469299941.
11, 42663631
List the prime factors of 2212536483.
3, 599, 410413
What are the prime factors of 4249518694?
2, 53, 131, 306029
List the prime factors of 4047696430.
2, 5, 17, 1400587
List the prime factors of 803145338.
2, 401572669
What are the prime factors of 896831280?
2, 3, 5, 73, 113, 151
List the prime factors of 894627318.
2, 3, 13, 11469581
List the prime factors of 1191330180.
2, 3, 5, 735389
What are the prime factors of 244906465?
5, 131, 373903
What are the prime factors of 638602371?
3, 11, 59, 109331
List the prime factors of 4284467422.
2, 1811, 1182901
List the prime factors of 9998407.
1033, 9679
List the prime factors of 10612594.
2, 73, 72689
What are the prime factors of 76073?
127, 599
What are the prime factors of 507391667?
507391667
What are the prime factors of 2265852779?
97, 1931, 12097
What are the prime factors of 2897087519?
2897087519
What are the prime factors of 8158375?
5, 65267
What are the prime factors of 64090006?
2, 23, 13